{"version":"1.0","provider_name":"le regard du sportif","provider_url":"https:\/\/oeilsportif.info","title":"N\u00e9crologie : Junior YOULA a regagn\u00e9 sa derni\u00e8re demeure - le regard du sportif","type":"rich","width":600,"height":338,"html":"<blockquote class=\"wp-embedded-content\" data-secret=\"vz3dlceItU\"><a href=\"https:\/\/oeilsportif.info\/index.php\/necrologie-junior-youla-a-regagne-sa-derniere-demeure\/\">N\u00e9crologie : Junior YOULA a regagn\u00e9 sa derni\u00e8re demeure<\/a><\/blockquote><iframe sandbox=\"allow-scripts\" security=\"restricted\" src=\"https:\/\/oeilsportif.info\/index.php\/necrologie-junior-youla-a-regagne-sa-derniere-demeure\/embed\/#?secret=vz3dlceItU\" width=\"600\" height=\"338\" title=\"\u00ab\u00a0N\u00e9crologie : Junior YOULA a regagn\u00e9 sa derni\u00e8re demeure\u00a0\u00bb &#8212; le regard du sportif\" data-secret=\"vz3dlceItU\" frameborder=\"0\" marginwidth=\"0\" marginheight=\"0\" scrolling=\"no\" class=\"wp-embedded-content\"><\/iframe><script type=\"text\/javascript\">\n\/* <![CDATA[ *\/\n\/*! This file is auto-generated *\/\n!function(d,l){\"use strict\";l.querySelector&&d.addEventListener&&\"undefined\"!=typeof URL&&(d.wp=d.wp||{},d.wp.receiveEmbedMessage||(d.wp.receiveEmbedMessage=function(e){var t=e.data;if((t||t.secret||t.message||t.value)&&!\/[^a-zA-Z0-9]\/.test(t.secret)){for(var s,r,n,a=l.querySelectorAll('iframe[data-secret=\"'+t.secret+'\"]'),o=l.querySelectorAll('blockquote[data-secret=\"'+t.secret+'\"]'),c=new RegExp(\"^https?:$\",\"i\"),i=0;i<o.length;i++)o[i].style.display=\"none\";for(i=0;i<a.length;i++)s=a[i],e.source===s.contentWindow&&(s.removeAttribute(\"style\"),\"height\"===t.message?(1e3<(r=parseInt(t.value,10))?r=1e3:~~r<200&&(r=200),s.height=r):\"link\"===t.message&&(r=new URL(s.getAttribute(\"src\")),n=new URL(t.value),c.test(n.protocol))&&n.host===r.host&&l.activeElement===s&&(d.top.location.href=t.value))}},d.addEventListener(\"message\",d.wp.receiveEmbedMessage,!1),l.addEventListener(\"DOMContentLoaded\",function(){for(var e,t,s=l.querySelectorAll(\"iframe.wp-embedded-content\"),r=0;r<s.length;r++)(t=(e=s[r]).getAttribute(\"data-secret\"))||(t=Math.random().toString(36).substring(2,12),e.src+=\"#?secret=\"+t,e.setAttribute(\"data-secret\",t)),e.contentWindow.postMessage({message:\"ready\",secret:t},\"*\")},!1)))}(window,document);\n\/\/# sourceURL=https:\/\/oeilsportif.info\/wp-includes\/js\/wp-embed.min.js\n\/* ]]> *\/\n<\/script>\n","thumbnail_url":"https:\/\/oeilsportif.info\/wp-content\/uploads\/2022\/12\/FB_IMG_1672324538985.jpg","thumbnail_width":960,"thumbnail_height":720,"description":"&nbsp; La famille du football Guin\u00e9en a rendu un dernier hommage \u00e0 Elh Amara Junior YOULA ce jeudi matin au Palais des Sports du stade du 28 septembre. Famille, amis, connaissances, collaborateurs ou simples amoureux du foot ont tenu \u00e0 accompagner notre regrett\u00e9 YOULA d\u00e9c\u00e9d\u00e9 suite \u00e0 un accident de la circulation. L\u2019affliction est immense, [&hellip;]"}

Nécrologie : Junior YOULA a regagné sa dernière demeure - le regard du sportif

<blockquote class="wp-embedded-content" data-secret="vz3dlceItU"><a href="https://oeilsportif.info/index.php/necrologie-junior-youla-a-regagne-sa-derniere-demeure/">Nécrologie : Junior YOULA a regagné sa dernière demeure</a></blockquote><iframe sandbox="allow-scripts" security="restricted" src="https://oeilsportif.info/index.php/necrologie-junior-youla-a-regagne-sa-derniere-demeure/embed/#?secret=vz3dlceItU" width="600" height="338" title="« Nécrologie : Junior YOULA a regagné sa dernière demeure » &#8212; le regard du sportif" data-secret="vz3dlceItU" frameborder="0" marginwidth="0" marginheight="0" scrolling="no" class="wp-embedded-content"></iframe><script type="text/javascript">
/* <![CDATA[ */
/*! This file is auto-generated */
!function(d,l){"use strict";l.querySelector&&d.addEventListener&&"undefined"!=typeof URL&&(d.wp=d.wp||{},d.wp.receiveEmbedMessage||(d.wp.receiveEmbedMessage=function(e){var t=e.data;if((t||t.secret||t.message||t.value)&&!/[^a-zA-Z0-9]/.test(t.secret)){for(var s,r,n,a=l.querySelectorAll('iframe[data-secret="'+t.secret+'"]'),o=l.querySelectorAll('blockquote[data-secret="'+t.secret+'"]'),c=new RegExp("^https?:$","i"),i=0;i<o.length;i++)o[i].style.display="none";for(i=0;i<a.length;i++)s=a[i],e.source===s.contentWindow&&(s.removeAttribute("style"),"height"===t.message?(1e3<(r=parseInt(t.value,10))?r=1e3:~~r<200&&(r=200),s.height=r):"link"===t.message&&(r=new URL(s.getAttribute("src")),n=new URL(t.value),c.test(n.protocol))&&n.host===r.host&&l.activeElement===s&&(d.top.location.href=t.value))}},d.addEventListener("message",d.wp.receiveEmbedMessage,!1),l.addEventListener("DOMContentLoaded",function(){for(var e,t,s=l.querySelectorAll("iframe.wp-embedded-content"),r=0;r<s.length;r++)(t=(e=s[r]).getAttribute("data-secret"))||(t=Math.random().toString(36).substring(2,12),e.src+="#?secret="+t,e.setAttribute("data-secret",t)),e.contentWindow.postMessage({message:"ready",secret:t},"*")},!1)))}(window,document);
//# sourceURL=https://oeilsportif.info/wp-includes/js/wp-embed.min.js
/* ]]> */
</script>

&nbsp; La famille du football Guinéen a rendu un dernier hommage à Elh Amara Junior YOULA ce jeudi matin au Palais des Sports du stade du 28 septembre. Famille, amis, connaissances, collaborateurs ou simples amoureux du foot ont tenu à accompagner notre regretté YOULA décédé suite à un accident de la circulation. L’affliction est immense, [&hellip;]
