{"version":"1.0","provider_name":"le regard du sportif","provider_url":"https:\/\/oeilsportif.info","title":"Le Gra\u00ebt va rebondir \u00e0 la\u2026 FIFA - le regard du sportif","type":"rich","width":600,"height":338,"html":"<blockquote class=\"wp-embedded-content\" data-secret=\"eLxN89yCYU\"><a href=\"https:\/\/oeilsportif.info\/index.php\/le-graet-va-rebondir-a-la-fifa\/\">Le Gra\u00ebt va rebondir \u00e0 la\u2026 FIFA<\/a><\/blockquote><iframe sandbox=\"allow-scripts\" security=\"restricted\" src=\"https:\/\/oeilsportif.info\/index.php\/le-graet-va-rebondir-a-la-fifa\/embed\/#?secret=eLxN89yCYU\" width=\"600\" height=\"338\" title=\"\u00ab\u00a0Le Gra\u00ebt va rebondir \u00e0 la\u2026 FIFA\u00a0\u00bb &#8212; le regard du sportif\" data-secret=\"eLxN89yCYU\" frameborder=\"0\" marginwidth=\"0\" marginheight=\"0\" scrolling=\"no\" class=\"wp-embedded-content\"><\/iframe><script type=\"text\/javascript\">\n\/* <![CDATA[ *\/\n\/*! This file is auto-generated *\/\n!function(d,l){\"use strict\";l.querySelector&&d.addEventListener&&\"undefined\"!=typeof URL&&(d.wp=d.wp||{},d.wp.receiveEmbedMessage||(d.wp.receiveEmbedMessage=function(e){var t=e.data;if((t||t.secret||t.message||t.value)&&!\/[^a-zA-Z0-9]\/.test(t.secret)){for(var s,r,n,a=l.querySelectorAll('iframe[data-secret=\"'+t.secret+'\"]'),o=l.querySelectorAll('blockquote[data-secret=\"'+t.secret+'\"]'),c=new RegExp(\"^https?:$\",\"i\"),i=0;i<o.length;i++)o[i].style.display=\"none\";for(i=0;i<a.length;i++)s=a[i],e.source===s.contentWindow&&(s.removeAttribute(\"style\"),\"height\"===t.message?(1e3<(r=parseInt(t.value,10))?r=1e3:~~r<200&&(r=200),s.height=r):\"link\"===t.message&&(r=new URL(s.getAttribute(\"src\")),n=new URL(t.value),c.test(n.protocol))&&n.host===r.host&&l.activeElement===s&&(d.top.location.href=t.value))}},d.addEventListener(\"message\",d.wp.receiveEmbedMessage,!1),l.addEventListener(\"DOMContentLoaded\",function(){for(var e,t,s=l.querySelectorAll(\"iframe.wp-embedded-content\"),r=0;r<s.length;r++)(t=(e=s[r]).getAttribute(\"data-secret\"))||(t=Math.random().toString(36).substring(2,12),e.src+=\"#?secret=\"+t,e.setAttribute(\"data-secret\",t)),e.contentWindow.postMessage({message:\"ready\",secret:t},\"*\")},!1)))}(window,document);\n\/\/# sourceURL=https:\/\/oeilsportif.info\/wp-includes\/js\/wp-embed.min.js\n\/* ]]> *\/\n<\/script>\n","thumbnail_url":"https:\/\/oeilsportif.info\/wp-content\/uploads\/2023\/02\/FB_IMG_1677593549925.jpg","thumbnail_width":1080,"thumbnail_height":1080,"description":"Fra\u00eechement d\u00e9missionnaire de son poste de pr\u00e9sident de la FFF et fortement critiqu\u00e9 en France, No\u00ebl Le Gra\u00ebt a \u00e9t\u00e9\u2026 r\u00e9compens\u00e9 par la FIFA. Le Breton va occuper une nouvelle fonction au sein de l\u2019instance, dans les prochains jours. No\u00ebl Le Gra\u00ebt France Equipe de France FFF Ce mardi, No\u00ebl Le Gra\u00ebt a pr\u00e9sent\u00e9 sa [&hellip;]"}

Le Graët va rebondir à la… FIFA - le regard du sportif

<blockquote class="wp-embedded-content" data-secret="eLxN89yCYU"><a href="https://oeilsportif.info/index.php/le-graet-va-rebondir-a-la-fifa/">Le Graët va rebondir à la… FIFA</a></blockquote><iframe sandbox="allow-scripts" security="restricted" src="https://oeilsportif.info/index.php/le-graet-va-rebondir-a-la-fifa/embed/#?secret=eLxN89yCYU" width="600" height="338" title="« Le Graët va rebondir à la… FIFA » &#8212; le regard du sportif" data-secret="eLxN89yCYU" frameborder="0" marginwidth="0" marginheight="0" scrolling="no" class="wp-embedded-content"></iframe><script type="text/javascript">
/* <![CDATA[ */
/*! This file is auto-generated */
!function(d,l){"use strict";l.querySelector&&d.addEventListener&&"undefined"!=typeof URL&&(d.wp=d.wp||{},d.wp.receiveEmbedMessage||(d.wp.receiveEmbedMessage=function(e){var t=e.data;if((t||t.secret||t.message||t.value)&&!/[^a-zA-Z0-9]/.test(t.secret)){for(var s,r,n,a=l.querySelectorAll('iframe[data-secret="'+t.secret+'"]'),o=l.querySelectorAll('blockquote[data-secret="'+t.secret+'"]'),c=new RegExp("^https?:$","i"),i=0;i<o.length;i++)o[i].style.display="none";for(i=0;i<a.length;i++)s=a[i],e.source===s.contentWindow&&(s.removeAttribute("style"),"height"===t.message?(1e3<(r=parseInt(t.value,10))?r=1e3:~~r<200&&(r=200),s.height=r):"link"===t.message&&(r=new URL(s.getAttribute("src")),n=new URL(t.value),c.test(n.protocol))&&n.host===r.host&&l.activeElement===s&&(d.top.location.href=t.value))}},d.addEventListener("message",d.wp.receiveEmbedMessage,!1),l.addEventListener("DOMContentLoaded",function(){for(var e,t,s=l.querySelectorAll("iframe.wp-embedded-content"),r=0;r<s.length;r++)(t=(e=s[r]).getAttribute("data-secret"))||(t=Math.random().toString(36).substring(2,12),e.src+="#?secret="+t,e.setAttribute("data-secret",t)),e.contentWindow.postMessage({message:"ready",secret:t},"*")},!1)))}(window,document);
//# sourceURL=https://oeilsportif.info/wp-includes/js/wp-embed.min.js
/* ]]> */
</script>

Fraîchement démissionnaire de son poste de président de la FFF et fortement critiqué en France, Noël Le Graët a été… récompensé par la FIFA. Le Breton va occuper une nouvelle fonction au sein de l’instance, dans les prochains jours. Noël Le Graët France Equipe de France FFF Ce mardi, Noël Le Graët a présenté sa [&hellip;]
