{"version":"1.0","provider_name":"le regard du sportif","provider_url":"https:\/\/oeilsportif.info","title":"INFO\/MIC : RENCONTRE AVEC LE COCAN ! - le regard du sportif","type":"rich","width":600,"height":338,"html":"<blockquote class=\"wp-embedded-content\" data-secret=\"fELQNJvlLH\"><a href=\"https:\/\/oeilsportif.info\/index.php\/info-mic-rencontre-avec-le-cocan\/\">INFO\/MIC : RENCONTRE AVEC LE COCAN !<\/a><\/blockquote><iframe sandbox=\"allow-scripts\" security=\"restricted\" src=\"https:\/\/oeilsportif.info\/index.php\/info-mic-rencontre-avec-le-cocan\/embed\/#?secret=fELQNJvlLH\" width=\"600\" height=\"338\" title=\"\u00ab\u00a0INFO\/MIC : RENCONTRE AVEC LE COCAN !\u00a0\u00bb &#8212; le regard du sportif\" data-secret=\"fELQNJvlLH\" frameborder=\"0\" marginwidth=\"0\" marginheight=\"0\" scrolling=\"no\" class=\"wp-embedded-content\"><\/iframe><script type=\"text\/javascript\">\n\/* <![CDATA[ *\/\n\/*! This file is auto-generated *\/\n!function(d,l){\"use strict\";l.querySelector&&d.addEventListener&&\"undefined\"!=typeof URL&&(d.wp=d.wp||{},d.wp.receiveEmbedMessage||(d.wp.receiveEmbedMessage=function(e){var t=e.data;if((t||t.secret||t.message||t.value)&&!\/[^a-zA-Z0-9]\/.test(t.secret)){for(var s,r,n,a=l.querySelectorAll('iframe[data-secret=\"'+t.secret+'\"]'),o=l.querySelectorAll('blockquote[data-secret=\"'+t.secret+'\"]'),c=new RegExp(\"^https?:$\",\"i\"),i=0;i<o.length;i++)o[i].style.display=\"none\";for(i=0;i<a.length;i++)s=a[i],e.source===s.contentWindow&&(s.removeAttribute(\"style\"),\"height\"===t.message?(1e3<(r=parseInt(t.value,10))?r=1e3:~~r<200&&(r=200),s.height=r):\"link\"===t.message&&(r=new URL(s.getAttribute(\"src\")),n=new URL(t.value),c.test(n.protocol))&&n.host===r.host&&l.activeElement===s&&(d.top.location.href=t.value))}},d.addEventListener(\"message\",d.wp.receiveEmbedMessage,!1),l.addEventListener(\"DOMContentLoaded\",function(){for(var e,t,s=l.querySelectorAll(\"iframe.wp-embedded-content\"),r=0;r<s.length;r++)(t=(e=s[r]).getAttribute(\"data-secret\"))||(t=Math.random().toString(36).substring(2,12),e.src+=\"#?secret=\"+t,e.setAttribute(\"data-secret\",t)),e.contentWindow.postMessage({message:\"ready\",secret:t},\"*\")},!1)))}(window,document);\n\/\/# sourceURL=https:\/\/oeilsportif.info\/wp-includes\/js\/wp-embed.min.js\n\/* ]]> *\/\n<\/script>\n","thumbnail_url":"https:\/\/oeilsportif.info\/wp-content\/uploads\/2022\/06\/FB_IMG_1654198241240.jpg","thumbnail_width":1080,"thumbnail_height":719,"description":"Ce Mercredi 1er juin 2022, la Commission Interne pour la CAN 2025 du Minist\u00e8re de l\u2019Information et de la Communication a \u00e9t\u00e9 re\u00e7ue par les membres du Comit\u00e9 d\u2019Organisation de la Coupe d\u2019Afrique des Nations (COCAN 2025). Au compte de cette rencontre, la Commission interne, par le biais de son Pr\u00e9sident M. NFa Ousmane Camara [&hellip;]"}

Ce Mercredi 1er juin 2022, la Commission Interne pour la CAN 2025 du Ministère de l’Information et de la Communication a été reçue par les membres du Comité d’Organisation de la Coupe d’Afrique des Nations (COCAN 2025). Au compte de cette rencontre, la Commission interne, par le biais de son Président M. NFa Ousmane Camara [&hellip;]
